6
Calculate -2 + 7 + 6 + -11.
0
Evaluate 4 - (-4 - 17) - 9.
16
What is 0 + 6 + 1 - (0 + 20)?
-13
Calculate 15 + (37 + -67 - 26).
-41
-45 + 40 + 1 + 3 + -2
-3
What is (4 - (-3 - -19)) + (1 - (3 - 0))?
-14
61 - ((17 - 2) + 19)
27
What is 9 - 0 - 2 - (-11 - (-28 + 7))?
-3
Evaluate (-1 - -39) + (72 - 88).
22
7 - (16 - (18 - 12))
-3
Evaluate 0 + -1 + (1 + -1 - 7) + 4.
-4
What is the value of 12 + -34 + 16 + (3 - -5)?
2
15 + -3 + 73 + -105
-20
Calculate 20 + 9 + -11 + -19.
-1
What is 21 - (-8 - -17 - 8) - (-21 + 28)?
13
What is the value of -19 - (-28 - -10 - -14)?
-15
What is the value of (56 - 57) + 0 + 0 + (6 - 3)?
2
What is the value of 1 - -8 - (-6 - (5 + -3 + -5))?
12
Evaluate ((3 - 2) + 9 - 16) + -2 + 7.
-1
(11 - 7) + 7 - (-6 + -1 + -2)
20
(-4 - -3) + (-2 - 6) + 1
-8
6 + 0 + 4 + -18
-8
What is 10 + (-11 - -25) + -26?
-2
7 + (2 - -2 - (14 - 5)) + 2
4
What is -3 + 1 + 8 + 1 + 147 + -173?
-19
Evaluate 8 + -6 + -3 + 5.
4
Calculate 13 + (-20 - -4) + -27.
-30
What is 0 + (3 - 1) - (2328 + -2293)?
-33
What is the value of (-158 - -167) + (-16 + -2 - 0)?
-9
What is -3 - (1 - (7 - -1))?
4
Evaluate -1 + 0 + (6 + -29 - -16).
-8
What is the value of (0 - 17) + -1825 + 1855?
13
Calculate (2 - 38) + (60 - 18).
6
Evaluate (-6 - -24 - 9) + 4.
13
Calculate 4 - (4 + 2 - 2 - (-34 - -38)).
4
What is the value of (-3 - (-8 + 11)) + -9 + 5?
-10
What is the value of -8 + -1 - (-27 + (9 - (23 + -14)))?
18
What is -1 + 1 + (-3 + -29 - -29) - 10?
-13
Evaluate (-1 - -24 - (-1 + (-1 - -8))) + -4.
13
Evaluate -3 + (-8 - 3 - (3 - -3 - 14)).
-6
What is the value of 2 + 4 - -2 - ((-30 - -33) + 8)?
-3
What is the value of 2 + 2 - (-60 + 21 + 43)?
0
What is the value of -2 + -17 - (37 + (-1 - 31))?
-24
(-21 + 22 - 16) + 6
-9
Calculate (0 - -2) + (-4 - 5) + -15 + 11.
-11
4 - ((4 - (1 + 5)) + -1)
7
What is the value of 9 + -15 + 15 + 6 + -1?
14
12 + -7 + -5 - 0 - 10
-10
Evaluate -13 + (-43 - -15) + 10.
-31
-20 + 15 - (3 + (0 - 3) - 4)
-1
Calculate 15 - 1 - (-4 - -25).
-7
-2 + 5 + 0 + -383 + 383
3
Calculate 1 + 17 + -7 + -7 + 2 + -10.
-4
(6 + -2 + 12 - (9 + -5)) + 7
19
Calculate -22 - (37 - 49) - -23.
13
Evaluate -31 + -1 + (6 - (18 - 15)) - -1.
-28
Calculate 13 + -1 + -4 + 1.
9
10 + 4 - (-31 - -50)
-5
(0 - -13 - 15) + (3 - (-2 + 10))
-7
What is the value of -18 - -8 - -27 - 20?
-3
-25 + (-5 - -3 - -41)
14
Calculate 9 + (2 - (9 + (1 - 5))) + 15.
21
-21 + (37 - 9) + -14
-7
Evaluate (-10 - 2) + 5 - -13 - -8.
14
Evaluate 28 - 28 - (23 + 1 + -1) - -9.
-14
Evaluate 4 + (2 - (-1 - -4)) + (-39 - -21).
-15
-23 - (-19 + 12 + -19)
3
Evaluate 2 + (15 - 4 - 5) + 3 + -2.
9
-35 + 19 + (-8 - 31 - -18)
-37
Calculate 159 - 177 - (2 + -1) - (12 + -1).
-30
Evaluate -1 - 1 - (16 - (-21 - (-45 - -16))).
-10
(-17 - 15 - -14) + -6 + 12
-12
-3 + 0 + (4 - (10 + (10 - 6)))
-13
What is the value of (4 - 5) + -2 + 20 + (17 - 20)?
14
(22 - (-14 - -42)) + -4
-10
1 - (0 - -19) - (78 + 8 + -91)
-13
Calculate 1 + (6 - 2 - -11).
16
What is the value of -1 + (9 - 12) + -10 + -4?
-18
8 - ((-23 - -20) + -1 + 3)
9
What is 2 + 0 + (9 + -5 - (3 - 1))?
4
Calculate 20 + -8 + (9 - 4) - 44.
-27
What is the value of (3 - (0 - 0)) + -2 + -2?
-1
What is -493 - -480 - (-25 - 2)?
14
What is (21 - (24 + -3)) + -3 + 0?
-3
(3 - (13 + -21)) + -4
7
What is 4 + (-17 - -17) + 3?
7
What is the value of (-3 - (-6 - -8)) + -7 + 39?
27
Evaluate 12 + -1 + -7 - 6 - (2 - -4).
-8
Calculate -2 - (16 - 0) - -1 - (-1858 - -1860).
-19
What is 22 + -19 + (18 - 2)?
19
What is (19 + -3 - (8 + -13 - -15)) + 17?
23
What is 0 - -13 - (12 + 7 + -17) - 4?
7
Evaluate 11 - (3 + -4) - (214 - 178).
-24
What is the value of (1 - ((70 - 60) + 1 + -4)) + 16?
10
What is -6 + (-18 + 34 - (-1 - (0 + -5)))?
6
What is 2 - 3 - -12 - ((-4 - -3) + 6)?
6
20 - (14 + -5 + 8 + -9)
12
Calculate (-1069 - -1097) + 1 + -13.
16
Calculate -29 + 16 + 8 + 25 + -1.
19
Evaluate (8 - 4) + 4 + -8 + (2 - -10).
12
Calculate 10 + (12 + -17 - -12) + 1.
18
What is the value of -2 - (10 + -4) - (-113 - -123)?
-18
Evaluate 11 + -3 + -20 + 21.
9
Calculate 17 + -33 + 12 + -9.
-13
Evaluate 3 + -20 + 14 - (8 + -1).
-10
Evaluate -6 + -7 + 21 + -6.
2
Calculate -1 - (6 + 0 - (2 + -9 + 2)).
-12
What is the value of (120 - 115) + -2 + 8?
11
Evaluate 16 + 9 + -13 + -6.
6
What is the value of 4 + -16 + (-4 - 9) + 0 + 7?
-18
-16 + (3 + (-17 - 2) - -15)
-17
What is -1 - 5 - (-10 + 27 + -3 + 0)?
-20
What is 181 + -178 - (-1 + 2 + -14)?
16
What is 17 + (-12 - (11 - 15)) + -1?
8
What is the value of 5 - (1 - (-15 - -1)) - (14 + -12)?
-12
Calculate 12 - (-3 - -5 - -2) - (9 + 26).
-27
What is 0 + -3 + -2 - (-3 - -6 - 2)?
-6
Calculate 3 - (-1 + -2 - (7 - 10 - 5)).
-2
Evaluate 1 + (0 - 1 - (-30 - -10 - -12)).
8
Evaluate -4 - (8 - (-4 + 9 + -5)).
-12
What is 6 + 2 + 23 + -39?
-8
What is the value of (-2539 - -2564) + -4 + 0?
21
10 + 4 + -6 - -2
10
Calculate 6 + (-13 + (-7 - -8) - (0 - 9)).
3
Calculate 1 + (-95 - -83) + -3 + 1 + -5.
-18
What is (-36 - -134 - 86) + (0 - 0 - -4)?
16
Calculate -1 + 17 + (-61 - -60) + -1.
14
What is -575 + 614 + (2 - 21)?
20
What is the value of 2 + 5 + -9 + 20?
18
(-11 - 2) + (1 - -9 - -1)
-2
Calculate -6 - (2 + -13 + -2).
7
What is the value of 12 - ((36 - 10) + -10)?
-4
Evaluate (1 - (6 + -12) - -10) + -50.
-33
-1 - (-7 + (-2 + 7 - 5 - -2))
4
Evaluate (0 - 5) + 137 + -127 + 6.
11
Evaluate 2 - 6 - (17 + (-20 - 3)).
2
What is (4 - 8) + 3 + -1 + -2 - 1?
-5
Evaluate 6 - (10 - (-3 + 4)) - 9.
-12
Calculate (5 - (3 + (6 - (1 - -2)))) + -6.
-7
What is 1 + (28 - 13 - 12)?
4
Calculate -6 - (-3 + (25 - 17)).
-11
-273 + 249 - (-21 - 0) - (1 - 1)
-3
-21 + -12 + 6 - -4
-23
Calculate 0 - 4 - (41 + -45 + 13).
-13
(-3 - -2) + 9 + -19 - (0 - -6)
-17
What is -9 + (-1 - -7) + 1 + -7 + 12?
3
(5 - 13) + -6 + (34 - 11) + -21
-12
What is the value of (14 - (4 + 0 + -20 + 12)) + 1?
19
Evaluate 11 - (11 - -11 - -3 - 8) - 16.
-22
What is the value of -200 + 162 + (-12 - -6) + 15?
-29
What is 5 + (-22 - (14 - 36))?
5
-11 + 17 + -14 - 5
-13
(3 - -4) + -23 - (-2 + -1 + -4)
-9
What is the value of 10 + -15 - (-7 - 5)?
7
Evaluate -8 + (-2 + 17 - 15).
-8
What is ((6 - 3) + -6 - -4) + 5 + -13?
-7
Evaluate (19 - (-22 - -31)) + -29.
-19
What is the value of 8 - (24 + -40) - (2 - (1 - 2))?
21
-13 + 1 + 14 + (1 - -5)
8
What is the value of 2 - (7 - -4 - 28) - -7?
26
What is -8 + (-6 - (-14 + 18)) + -10 + 1?
-27
What is 13 - (21 + 12) - (-5 + -4)?
-11
What is the value of (-20 - -16) + -2 + (-5 - -22) - -1?
12
What is 7 + -1 + 12 + -18?
0
What is the value of (532 - 555) + 0 + 17?
-6
What is the value of -9 - -30 - 13 - (-2 - -1 - 2)?
11
9 - (-2 + (-6 - -2) - -24)
-9
-10 + 5 + -17 + 16 + 17
11
What is the value of 8 + -7 + -7 + 1 + 7?
2
What is (-12 - 2 - -14) + 8?
8
Evaluate (16 - 0) + (-96 - -67).
-13
Calculate 8 + (1 + -4 - 0) + -2 - 6.
-3
What is 0 + 3 - (1616 - 1583)?
-30
What is -2 + -14 - ((-4 - 23) + -14)?
25
Calculate (1 - 13) + (-35 - -37).
-10
What is 2 - ((5 - 14) + 20)?
-9
Evaluate -11 + (17 - 10 - (-1 + (8 - 0))).
-11
What is (-6 - -1) + (13 - 7) + 2 + -8?
-5
-3 - (-7 - (10 + -9))
5
Calculate 13 + -19 + -8 - (14 + -17).
-11
Evaluate -47 + 10 - (-15 + (8 - 0) + -2).
-28
Evaluate (-10 - (10 - (11 + 2))) + -4.
-11
Evaluate (-11 - (12 + 10 - -1)) + 9.
-25
Evaluate (56 - 48) + (-17 - (-3 + 4 + -4)).
-6
-3 + 1 - (-36 + -1 - -27)
8
7 + 4 + -2 + 1 + 7
17
Evaluate 0 - (3 - (-15 + 6 - -9)).
-3
Calculate 4 - (8 + (-2 - -5 - (-4 + 10))).
-1
Evaluate -70 - -58 - (1 - 12).
-1
-4 - (-6 + 2 + 11 + -12) - 5
-4
Calculate -5 - 1 - (10 + -5) - (-124 - -87).
26
Evaluate 32 - ((-1 - -17) + -31 + 28).
19
Evaluate 1 - 2 - (-7 + (7 - 7)).
6
Evaluate -6 + -2 + 2 - (11 + 0 + -12).
-5
Evaluate (-9 - -41) + -30 - -29.
31
What is the value of -1 + 1 + (-6 - -24)?
18
Evaluate -25 - -10 - (-8 + (-2 - 3)).
-2
What is (7 + (2 - 5) - -3) + -2 + -12?
-7
(-15 + 14 - -12) + 13 - -2
26
What is 2 + (-1 - 5) - -6?
2
What is 2 + -8 + -6 + -2 + 35?
21
What is 10 - (15 + -42 + 20)?
17
11 + 8 - (35 + -6 + 10)
-20
Evaluate 3 - (2 - (-7 + (7 - 13))).
-12
Evaluate -13 - -1 - (35 - 28 - 16).
-3
What is the value of 3 + 17 + -4 + -25?
-9
What is 0 + -30 + -34 + 48?
-16
-6 + (0 - (-11 + 7 + -1))
-1
What is the value of -14 - (2 - (6 + 7))?
-3
Calculate (-43 - -20 - -16) + 10.
3
-16 + 50 + -22 + 2 + 10
24
-12 - -13 - -3 - (-5 + -12 + 4)
17
What is th